 513?
84
What is the remainder when 36245 is divided by 676?
417
What is the remainder when 39168428 is divided by 24?
20
Calculate the remainder when 576577 is divided by 288132.
313
What is the remainder when 520698 is divided by 291?
99
What is the remainder when 5585637 is divided by 167?
155
Calculate the remainder when 40138 is divided by 39787.
351
What is the remainder when 17046267 is divided by 1729?
56
What is the remainder when 12587716 is divided by 241?
45
What is the remainder when 623015 is divided by 408?
407
What is the remainder when 1783778 is divided by 78?
74
Calculate the remainder when 349047 is divided by 1498.
13
Calculate the remainder when 76767 is divided by 9578.
143
Calculate the remainder when 39152050 is divided by 9137.
5
What is the remainder when 2246207 is divided by 494?
483
What is the remainder when 225388 is divided by 508?
344
What is the remainder when 211552 is divided by 14?
12
Calculate the remainder when 87476407 is divided by 617.
615
Calculate the remainder when 86806 is divided by 42729.
1348
Calculate the remainder when 2772210183 is divided by 9.
6
Calculate the remainder when 8074336 is divided by 10312.
40
What is the remainder when 2016491 is divided by 81?
77
Calculate the remainder when 1222719 is divided by 258.
57
What is the remainder when 277495 is divided by 89815?
8050
Calculate the remainder when 17134189 is divided by 59.
58
What is the remainder when 55334 is divided by 376?
62
What is the remainder when 1071302 is divided by 3001?
2946
What is the remainder when 1163642 is divided by 9309?
17
Calculate the remainder when 1182752 is divided by 5579.
4
Calculate the remainder when 8592579 is divided by 113.
59
Calculate the remainder when 15958669 is divided by 81.
49
What is the remainder when 29774644 is divided by 3308292?
16
Calculate the remainder when 94935 is divided by 94778.
157
Calculate the remainder when 1213507 is divided by 6098.
5
Calculate the remainder when 4143058 is divided by 10.
8
Calculate the remainder when 79250 is divided by 839.
384
What is the remainder when 354499 is divided by 624?
67
What is the remainder when 825178 is divided by 14234?
13840
Calculate the remainder when 42081 is divided by 13217.
2430
Calculate the remainder when 81453 is divided by 56.
29
Calculate the remainder when 3487504 is divided by 116250.
4
Calculate the remainder when 98872486 is divided by 3432.
3430
Calculate the remainder when 16352306 is divided by 1096.
1082
What is the remainder when 525451 is divided by 644?
591
Calculate the remainder when 265469 is divided by 272.
269
Calculate the remainder when 23849 is divided by 11459.
931
Calculate the remainder when 51555 is divided by 3421.
240
Calculate the remainder when 7491697 is divided by 76.
73
Calculate the remainder when 1286441684 is divided by 71.
68
What is the remainder when 27896 is divided by 4415?
1406
Calculate the remainder when 66366351 is divided by 61.
59
Calculate the remainder when 935336 is divided by 14614.
40
What is the remainder when 481664 is divided by 1016?
80
Calculate the remainder when 681253 is divided by 61930.
23
What is the remainder when 98348 is divided by 32337?
1337
What is the remainder when 1072627635 is divided by 1169?
1164
Calculate the remainder when 8995325 is divided by 2016.
1949
Calculate the remainder when 766240 is divided by 413.
125
What is the remainder when 2952774 is divided by 6531?
762
Calculate the remainder when 54758 is divided by 1173.
800
What is the remainder when 31237114 is divided by 20297?
31
Calculate the remainder when 1789055 is divided by 384.
383
Calculate the remainder when 20944142 is divided by 644.
618
Calculate the remainder when 2167330 is divided by 403.
399
What is the remainder when 24911890 is divided by 36?
34
What is the remainder when 15175641 is divided by 632318?
9
Calculate the remainder when 34053 is divided by 5545.
783
Calculate the remainder when 37176713 is divided by 26.
15
What is the remainder when 1195438 is divided by 54?
40
Calculate the remainder when 216715 is divided by 215941.
774
Calculate the remainder when 34887 is divided by 17442.
3
Calculate the remainder when 50209932 is divided by 78453.
12
Calculate the remainder when 4011918 is divided by 425.
343
What is the remainder when 1334771 is divided by 528?
515
Calculate the remainder when 541495 is divided by 1237.
926
What is the remainder when 176875 is divided by 2208?
235
What is the remainder when 499770 is divided by 587?
233
Calculate the remainder when 43655426 is divided by 158.
26
Calculate the remainder when 262423 is divided by 2811.
1000
What is the remainder when 51186 is divided by 151?
148
What is the remainder when 2418793 is divided by 23?
21
Calculate the remainder when 284201 is divided by 758.
709
What is the remainder when 1492971 is divided by 14?
11
What is the remainder when 83059 is divided by 4873?
218
Calculate the remainder when 38968198 is divided by 200.
198
What is the remainder when 1796533 is divided by 299422?
1
Calculate the remainder when 8708 is divided by 1119.
875
What is the remainder when 113179 is divided by 3933?
3055
Calculate the remainder when 900173 is divided by 28130.
13
Calculate the remainder when 24656561 is divided by 17.
16
What is the remainder when 1571649 is divided by 24556?
65
What is the remainder when 448775998 is divided by 8280?
8278
What is the remainder when 1020824 is divided by 2054?
2040
Calculate the remainder when 79377 is divided by 17886.
7833
What is the remainder when 272955 is divided by 2008?
1875
Calculate the remainder when 329402 is divided by 41101.
594
Calculate the remainder when 169323 is divided by 11639.
6377
What is the remainder when 5850117 is divided by 271?
40
Calculate the remainder when 101549 is divided by 627.
602
Calculate the remainder when 28060702 is divided by 697.
179
Calculate the remainder when 229871646 is divided by 1077.
1074
Calculate the remainder when 45372 is divided by 121.
118
Calculate the remainder when 896643 is divided by 1307.
41
Calculate the remainder when 32937734 is divided by 652.
650
What is the remainder when 1097672 is divided by 816?
152
Calculate the remainder when 8131984 is divided by 26.
16
What is the remainder when 26466496 is divided by 43?
39
Calculate the remainder when 6624385 is divided by 1664.
1
Calculate the remainder when 7103261 is divided by 214.
173
Calculate the remainder when 90061903 is divided by 1699281.
10
What is the remainder when 1043545 is divided by 213?
58
What is the remainder when 2413689 is divided by 7450?
7339
Calculate the remainder when 500916 is divided by 556.
516
What is the remainder when 412642 is divided by 82522?
32
Calculate the remainder when 77652 is divided by 38720.
212
Calculate the remainder when 606611 is divided by 1869.
1055
Calculate the remainder when 713983225 is divided by 69.
67
Calculate the remainder when 52978448 is divided by 28.
12
Calculate the remainder when 179844379 is divided by 1654.
1651
What is the remainder when 341248379 is divided by 6008?
5995
Calculate the remainder when 761698 is divided by 152264.
378
What is the remainder when 779303 is divided by 150?
53
What is the remainder when 26935663 is divided by 274?
93
What is the remainder when 16624809 is divided by 646?
645
What is the remainder when 23778 is divided by 5121?
3294
Calculate the remainder when 2393954 is divided by 797983.
5
What is the remainder when 26495272 is divided by 456815?
2
What is the remainder when 3232208 is divided by 21?
14
What is the remainder when 13998808 is divided by 2167?
2155
Calculate the remainder when 2831435 is divided by 2831433.
2
Calculate the remainder when 95340776 is divided by 36.
32
Calculate the remainder when 51578 is divided by 1395.
1358
What is the remainder when 941469 is divided by 336?
333
Calculate the remainder when 425235 is divided by 30338.
503
Calculate the remainder when 1492422 is divided by 298482.
12
Calculate the remainder when 166341 is divided by 935.
846
Calculate the remainder when 3224260 is divided by 268660.
340
Calculate the remainder when 1244531 is divided by 103670.
491
Calculate the remainder when 99638896 is divided by 264.
16
Wh